).
9
Let v(p) = p**2 - p - 4. What is v(6)?
26
Let v(h) = -h**2 - 7*h. Determine v(-8).
-8
Let b(n) = 8*n**2 + n - 1. What is b(1)?
8
Let v(c) = c**2 + 3*c - 34. Determine v(0).
-34
Let q(j) = -7*j + 12. Determine q(2).
-2
Let j(t) = -t**3 - 10*t**2 + 23*t - 14. Calculate j(-11).
-146
Let p(x) = 2*x**2 + 11*x + 4. Determine p(-7).
25
Let h(i) = 4*i - 23. Calculate h(10).
17
Let a(c) = -2*c**2 - 8*c + 2. Give a(-6).
-22
Let o(n) = -n**3 + 7*n**2 - 8*n - 5. Determine o(6).
-17
Let i(w) = -77*w + 72. Determine i(1).
-5
Let b(j) = j**2 + 11*j + 7. Calculate b(-7).
-21
Let u(i) = i**2 + 4*i + 11. Calculate u(-3).
8
Let l(d) = 2*d + 9. Give l(11).
31
Let y(h) = h**3 - 20*h**2 - 20*h - 6. Determine y(21).
15
Let u(t) = t**2 - 9*t + 27. Determine u(4).
7
Let s(p) = -3*p**2 - p - 1. Give s(-3).
-25
Let x(j) = -18*j**2 - j. Give x(1).
-19
Let h(d) = d**3 - 5*d**2 + 9*d - 2. What is h(6)?
88
Let c(h) = h**2 - 2*h - 32. Calculate c(7).
3
Let u(y) = -3*y**2 - 40*y - 50. Determine u(-16).
-178
Let f(u) = -u**3 - 3*u**2 - 2*u - 4. Give f(-3).
2
Let y(z) = -z**3 - 9*z**2 - 4*z + 30. Give y(-8).
-2
Let p(r) = -3*r**3 + 2*r**2 - r - 1. Give p(1).
-3
Let m(n) = -n**3 + 3*n**2 + 6*n - 7. Calculate m(6).
-79
Let o(s) = -36*s + 289. Determine o(8).
1
Let a(t) = -t - 2. What is a(-6)?
4
Let s(j) = j**3 - 5*j**2 - 3*j - 2. Give s(-3).
-65
Let d(v) = -v**3 - v**2 + 8*v - 4. Calculate d(-4).
12
Let m(g) = -g**3 - 8*g**2 + 3*g - 5. What is m(-4)?
-81
Let a(w) = -2*w**2 + 18*w + 49. Determine a(11).
5
Let u(f) = 10*f**2 - 7*f + 1. Determine u(4).
133
Let f(m) = -5*m - 9. What is f(-4)?
11
Let a(y) = -y**3 - 6*y**2 - 2*y - 6. Calculate a(-6).
6
Let p(j) = 2*j - 11. Determine p(4).
-3
Let j(n) = -n**2 + 8*n + 9. What is j(10)?
-11
Let g(r) = 4*r + 27. Determine g(-14).
-29
Let z(u) = -2*u**2 - 28*u - 86. What is z(-7)?
12
Let t(n) = -n**3 - 14*n**2 - 19*n - 15. Calculate t(-13).
63
Let f(a) = -a**3 - a**2 - 3*a + 9. Determine f(3).
-36
Let s(v) = -7*v**3 + v - 1. Give s(1).
-7
Let y(x) = -30*x. Calculate y(-1).
30
Let v(u) = -u**3 + 9*u**2 + 10*u + 9. Give v(10).
9
Let v(y) = y**2 - 8*y + 5. What is v(5)?
-10
Let m(t) = -t**3 + 8*t**2 + 7*t + 10. Give m(9).
-8
Let j(k) = -k**2 + 2*k - 6. Determine j(4).
-14
Let r(o) = -o**3 - 2*o**2 - 2*o - 3. Calculate r(-2).
1
Let k(w) = 2*w - 19. What is k(-6)?
-31
Let i(y) = 2*y - 33. Determine i(15).
-3
Let d(m) = -3*m + 5. Give d(2).
-1
Let s(m) = 11*m**2 - 12*m + 13. What is s(1)?
12
Let w(u) = 4*u**2 + 1. Give w(-4).
65
Let m(l) = l**3 + 9*l**2 - 24*l - 6. Give m(-11).
16
Let x(r) = 5*r + 4. Determine x(5).
29
Let v(c) = c**3 - 6*c**2 + 10*c - 18. What is v(5)?
7
Let u(a) = a**2 - 3*a - 4. Determine u(5).
6
Let y(f) = f**3 - 5*f**2 + 8. Determine y(4).
-8
Let y(z) = -z**2 + 2*z + 42. Give y(-7).
-21
Let h(q) = 2*q**2 + 58*q - 168. Determine h(-32).
24
Let y(q) = q**2 + 19*q - 7. Calculate y(-19).
-7
Let a(j) = j**3 + 5*j**2 + 3*j - 3. Give a(-3).
6
Let w(o) = o + 14. Determine w(-8).
6
Let u(k) = k**3 + 1. Calculate u(-2).
-7
Let c(v) = v**3 - 9*v**2 - 2. Calculate c(9).
-2
Let y(t) = -t**3 - 8*t**2 - 5*t - 3. Calculate y(-7).
-17
Let k(l) = -l**3 - 3*l**2 - l + 1. What is k(-1)?
0
Let q(f) = 46*f + 392. Determine q(-9).
-22
Let u(p) = -p**3 + 11*p**2 - 9. What is u(11)?
-9
Let w(f) = 4*f**2 + 2. Determine w(-1).
6
Let p(k) = 3*k**3 - 12*k**2 + 3. Give p(4).
3
Let v(n) = n**3 - 8*n**2 + 3*n + 6. Determine v(7).
-22
Let l(u) = 6*u + 22. What is l(9)?
76
Let t(s) = -s**2 + 31*s + 117. Calculate t(34).
15
Let a(q) = 3*q - 20. Determine a(6).
-2
Let u(b) = -8*b - 3. Give u(-2).
13
Let i(c) = c**3 + 8*c**2 - 2*c + 9. What is i(-8)?
25
Let j(o) = -2*o**2 - o - 1. Give j(2).
-11
Let l(h) = -26*h**3 - 2*h**2 - 2*h - 1. What is l(-1)?
25
Let m(g) = g**3 - 7*g**2 - 9*g - 3. Give m(8).
-11
Let t(k) = k**2 - 6*k - 5. What is t(7)?
2
Let v(x) = -x**3 - 6*x**2 + 2*x + 1. Calculate v(-7).
36
Let l(i) = -7*i - 101. Give l(-10).
-31
Let m(p) = 2*p**2 - 13*p. Give m(6).
-6
Let k(q) = 4*q - 5. What is k(4)?
11
Let o(s) = -s**2 + 2*s - 3. Calculate o(8).
-51
Let h(p) = p**3 + 17*p**2 + p + 12. Determine h(-17).
-5
Let f(a) = -27*a + 167. Give f(6).
5
Let l(x) = x**3 + 6*x**2 - 3*x - 9. Give l(-7).
-37
Let p(i) = -4*i + 15. Give p(12).
-33
Let k(v) = -v**2 + 12*v + 5. Determine k(12).
5
Let i(h) = -11*h**2 + 8*h - 6. Determine i(1).
-9
Let k(v) = 9*v**3 + 2*v**2 + v. What is k(2)?
82
Let d(y) = -3*y - 1. Calculate d(5).
-16
Let h(a) = a. Calculate h(-7).
-7
Let o(y) = -2*y**2 + 32*y + 6. What is o(16)?
6
Let k(u) = -3*u - 77. Give k(-28).
7
Let r(n) = 2*n**2 + 13*n + 23. Determine r(-7).
30
Let n(s) = 3*s. Give n(5).
15
Let x(r) = -6*r**2 - 8*r - 6. Give x(-1).
-4
Let m(p) = -3*p + 3. Give m(-2).
9
Let u(d) = -5*d + 55. What is u(12)?
-5
Let o(z) = -6*z + 9. Determine o(6).
-27
Let i(y) = y**3 - 10*y**2 - 11*y + 15. Give i(11).
15
Let x(u) = -u**3 - 18*u**2 - 32*u + 34. Give x(-16).
34
Let k(b) = -8*b**2 - 2*b + 1. What is k(1)?
-9
Let y(q) = -2*q**3 - 32*q**2 + 32*q - 32. Determine y(-17).
2
Let r(q) = -q - 41. Determine r(-18).
-23
Let v(p) = -6*p**3 + 3*p**2 - p - 1. Determine v(2).
-39
Let h(k) = -k**3 + 3*k**2 + 7*k + 3. Give h(5).
-12
Let u(w) = 2*w**3 - 2*w**2 - w - 1. Give u(2).
5
Let x(a) = -a**3 + 3*a + 12. What is x(-5)?
122
Let a(p) = p**3 - 5*p**2 + 8*p - 2. What is a(4)?
14
Let n(g) = -g - 4. Give n(-2).
-2
Let u(n) = -n**2 + 20*n + 74. Calculate u(23).
5
Let r(q) = q**3 + 5*q**2 + 6*q - 9. Determine r(-4).
-17
Let f(i) = -2*i - 5. Determine f(4).
-13
Let n(c) = 4*c - 16. Determine n(4).
0
Let h(w) = w**2 + w - 16. Give h(0).
-16
Let b(n) = 6*n - 3. What is b(1)?
3
Let m(k) = -4*k**2 - k - 1. Calculate m(2).
-19
Let i(x) = -5*x - 9. Give i(12).
-69
Let w(h) = -2*h + 4. Calculate w(-18).
40
Let u(v) = 16*v - 9. Calculate u(8).
119
Let r(f) = 2*f**3 - 3*f**2 - 2*f + 7. Determine r(-3).
-68
Let z(j) = j**3 - 8*j**2 + 2*j + 10. What is z(2)?
-10
Let y(c) = 21*c**3 - 2*c**2 - c. Give y(-1).
-22
Let o(r) = -r**3 + 35*r**2. What is o(35)?
0
Let w(p) = -p**3 - 18*p**2 - 16*p - 10. Calculate w(-17).
-27
Let x(f) = f**3 + 13*f**2 - 3. Give x(-13).
-3
Let u(s) = -33*s + 21. Give u(4).
-111
Let t(o) = o**3 + 10*o**2 + 1. Determine t(-10).
1
Let x(k) = 22*k - 206. Calculate x(9).
-8
Let z(n) = -3*n**3 - 18*n**2 - 4*n + 4. What is z(-6)?
28
Let s(v) = 2*v - 61. Determine s(25).
-11
Let i(s) = s**2 - 7*s - 8. Calculate i(-1).
0
Let t(d) = -2*d**3 - 34*d**2 - 6*d + 20. Give t(-17).
122
Let q(o) = 2*o + 3. Determine q(5).
13
Let y(h) = 2*h**2 + 18*h + 34. Calculate y(-2).
6
Let w(b) = -b**3 - 6*b**2 - 10*b - 30. What is w(-5)?
-5
Let p(q) = -q**2 - 5*q + 1. Calculate p(-9).
-35
Let w(t) = -t + 3. Give w(0).
3
Let w(c) = 14*c + 106. Calculate w(-7).
8
Let b(a) = a**2 + 9*a + 7. Determine b(-8).
-1
Let t(r) = -37*r - 227. What is t(-5)?
-42
Let v(d) = -3*d. Determine v(9).
-27
Let v(o) = -o**3 + 4*o**2 - 5*o - 9. What is v(4)?
-29
Let m(z) = z**3 + 3*z**2 + 2*z + 1. Calculate m(-3).
-5
Let j(v) = -2*v**3 - 16*v**2 - 13*v + 6. Give j(-7).
-1
Let y(p) = 7*p - 3. Determine y(3).
18
Let a(z) = 4*z + 25. Calculate a(-7).
-3
Let l(x) = -10*x + 1. Calculate l(-7).
71
Let m(q) = -q**3 + 4*q - 4. What is m(3)?
-19
Let m(p) = p - 20. Give m(19).
-1
Let j(w) = -16*w + 8. Determine j(1).
-8
Let j(y) = 11*y**3 - y - 2. Give j(-1).
-12
Let s(z) = 4*z - 1. Calculate s(1).
3
Let b(h) = 3*h - 1. Determine b(1).
2
Let d(v) = 6*v**2 - 12*v - 19. Give d(-2).
29
Let y(w) = 2*w**2 + 7*w + 7. What is y(-4)?
11
Let z(y) = 23*y - 33. Give z(6).
105
Let i(y) = 10*y + 2. What is i(1)?
12
Let n(p) = 10*p**2 - 70*p - 6. Determine n(7).
-6
Let t(g) = -3*g - 1. Calculate t(-4).
11
Let k(i) = -i**3 - 8*i**2 - i + 1. What is k(-8)?
9
Let l(j) = 6*j**2 - 98*j + 7. Determine l(16).
-25
Let v(n) = n**3 + 24*n**2 + 23*n - 28. What is v(-23)?
-28
Let v(u) = -13*u - 8. Calculate v(3).
-47
Let a(b) = b**3 - 10*b**2 + 3*b + 7. Give a(10).
37
Let i(m) = 22*m - 4. Calculate i(2).
40
Let v(s) = -6*s - 18. Determine v(-1).
-12
Let d(i) = -18*i**2 + 4*i + 3. What is d(-1)?
-19
Let m(k) = -9*k**2 - 6*k - 3. Determine m(-3).
-66
Let b(m) = -m + 5. Give b(15).
-10
Let r(w) = w**2 - 11*w - 58. Calculate r(13).
-32
Let j(g) = -2*g - 2. Give j(12).
-26
Let x(j) = 55*j - 653. Calculate x(12).
7
Let q(t) 